*3/6 - 7*b**2/2 + 4*b - 5. Let o(n) be the first derivative of g(n). Give o(-6).
-1
Let r(x) = -2*x + 7. Let v = -6 - -14. Let n = -3 + v. What is r(n)?
-3
Let f(w) = -w**3 + 5*w**2 - 5*w + 5. Let s be f(4). Let r = s - -3. Let q(k) = -k**2 + 4*k - 6. Give q(r).
-6
Let j = -22 - -14. Let u(f) = f**2 + 9*f + 11. Calculate u(j).
3
Let b(q) = -q + 3. Let l be b(5). Suppose 3*j = 65 + 10. Let g be 2/(5/(j/l)). Let z(w) = w**3 + 4*w**2 - 5*w + 6. What is z(g)?
6
Suppose 0 = -3*v + 5*q - 17 - 15, -2*v - 5*q = -12. Let c(x) = -x**3 - 5*x**2 - 5*x - 4. Give c(v).
0
Let f(y) be the second derivative of y + 1/2*y**3 + 0 - 1/2*y**2 + 1/12*y**4. Let s be (1/2)/((-4)/16). Calculate f(s).
-3
Let y(m) = -4*m**3 + 6*m**2 + 2*m - 9. Let q(d) = -d**3 + d. Let o(c) = 5*q(c) - y(c). Let k be -3*(-2)/(-8)*8. Give o(k).
-9
Let g = 26 - 23. Let t(a) = 1 + 0*a + 0*a + a. Give t(g).
4
Let a be (-4)/8*(1 + -11). Let x(o) = o - a*o + 2*o - 9. Let j be x(-6). Let f(c) = -c**2 + 2*c - 2. What is f(j)?
-5
Let i(g) = g**3 - 2*g**2 - 5*g + 2. Suppose 0 = -5*q + q + 12. What is i(q)?
-4
Let n = 6 - 12. Let y(s) = -s**3 - 3*s**2 - 9*s + 1. Let f(l) = l**3 + 4*l**2 + 8*l. Let t(i) = 4*f(i) + 3*y(i). Calculate t(n).
9
Let o(t) = 17*t - 2. Let w(p) = -8*p + 1. Let c(q) = -6*o(q) - 13*w(q). What is c(3)?
5
Let z(l) = -3*l - 3. Suppose -3*g - 5*i + 53 = -g, 3*i = -3*g + 75. Suppose h - 4*h = g. Let f = h + 5. Determine z(f).
6
Let l(t) = t**2 + t - 4. Let u be 6/8 - (-13)/52. Let g be (1 - 1)*(u - 0). Give l(g).
-4
Suppose 3 = -0*d + d. Suppose -20 = -5*z - 2*f, d*z + 3*f + 3 = z. Let m(n) = -n**2 + 5*n - 7. Calculate m(z).
-13
Suppose 0 = -5*x - 1 - 19. Let q(d) = 2*d - d + 369 - 373. Determine q(x).
-8
Let a(v) = 13*v + 4. Let q(r) = 7*r + 3. Let n(h) = 3*a(h) - 5*q(h). Determine n(-3).
-15
Let v(t) = t**2 + 3*t - 2. Let x(z) = -z**2 - 4*z + 2. Let h(o) = -2*v(o) - 3*x(o). What is h(-6)?
-2
Let z be 3*3/6*2. Let l(s) = z*s**3 + s**2 - 2*s**3 - 1 + s**2. Calculate l(-2).
-1
Let n be 26/6 + 22/33. Let f(s) = s**2 - 7*s + 6. Calculate f(n).
-4
Let n(w) be the third derivative of w**5/60 + w**4/6 - w**3/2 - w**2. What is n(-5)?
2
Let m(j) be the third derivative of -j**6/360 - j**5/30 - j**4/8 + j**3/3 - 5*j**2. Let r(b) be the first derivative of m(b). Calculate r(-4).
-3
Let r(d) be the first derivative of d**2 - 7*d + 50. Determine r(-7).
-21
Let x(n) = 0 + 4 - 5 + n + 0 - 3*n**2. Determine x(1).
-3
Let j(l) = l**2 + 8*l - 2. Let c be j(-9). Let x(r) = r**3 - 8*r**2 + 6*r + 7. What is x(c)?
0
Let k be ((-8)/(-3) + -2)/((-4)/(-18)). Let b(m) be the second derivative of -1/6*m**3 - 1/20*m**5 + 2*m**2 - m + 1/4*m**4 + 0. Give b(k).
1
Let a(u) = u + 1. Let c be ((-2)/8)/((-2)/40). Give a(c).
6
Let t(b) = -5*b**2 - 11*b - 7. Let h(i) = -11*i**2 - 23*i - 14. Let z(j) = -4*h(j) + 9*t(j). Calculate z(-6).
-1
Let d(l) be the second derivative of l**4/3 + 4*l**3/3 + l**2/2 + l. Let x(a) = 5*a**2 + 9*a + 1. Let w(t) = 6*d(t) - 5*x(t). Let v = -6 + 9. Give w(v).
1
Let l(t) = 3*t**3 - t - 1. Let u(v) = 2*v + 1. Suppose 2*k + 4 = -2*k. Let i be u(k). Give l(i).
-3
Let p be (-9)/(-2) + (-3 - 1). Let v(c) be the first derivative of 1/3*c**3 - 2 - c + p*c**2 + 3/4*c**4. Calculate v(1).
4
Let u = -21 - -27. Let c(g) = -g**2 + 9*g - 1. Calculate c(u).
17
Let h(r) = 4*r**3 - 2*r**2 + 1. Let m = 12 - 6. Suppose 0 = -d + 2*d - m. Let k(t) = t**2 - 6*t - 1. Let q be k(d). What is h(q)?
-5
Let f(g) be the second derivative of -g**3/6 - 16*g. What is f(-3)?
3
Let n(v) = 2*v**2 - 5*v - 3. Let i(d) = 4*d**2 - d - 2. Let o be i(2). Let c = o - 8. Give n(c).
9
Let z(t) = t**3 + t**2 - t + 3. Let j be (2 + -3)/(((-1)/(-3))/(-1)). Let k = 8 + -3. Suppose -k*h - s = j*s, 4*h + 4*s = 0. Calculate z(h).
3
Suppose 4*q + 2 = 3*o, -5*q + 3*q = -3*o + 10. Let k(p) = -p + 1. What is k(o)?
-5
Let q(t) = -t**2 + t + 1. Let n be (2 - 2)/(4/2). Let o be n/1 - (-1 - -1). Give q(o).
1
Let f(i) = -5*i - 3. Let t(m) = 3*m**2. Let r be t(1). Give f(r).
-18
Let i(c) = 8*c - 13*c - 3 + 4 + 1. Calculate i(2).
-8
Let d(t) = t**3 - 6*t**2 + 6. Let b(g) = -g**2 + 2*g + 6. Let s be b(0). Calculate d(s).
6
Let u(x) = 2*x + 8. Let r be u(-7). Let q(p) = -2*p - 8. Calculate q(r).
4
Let v(d) be the first derivative of -d**2/2 - 3*d + 4. What is v(3)?
-6
Let l(n) = -n**2 - n. Let i(m) = -m**2. Let r(c) = -3*i(c) + 2*l(c). Give r(1).
-1
Let b(l) be the second derivative of l**4/12 - 2*l**3/3 - 5*l**2/2 + 23*l. What is b(4)?
-5
Let c(j) be the third derivative of j**6/60 + j**5/20 + j**4/12 + j**3/3 - 38*j**2. Give c(-2).
-6
Suppose 2*w + 2*d - 10 = 0, 12 = -4*w - 0*d + 4*d. Suppose -2*b = -3*a + 4, 0 = b - 3*b - 5*a + 28. Let j(s) = 3*s - b*s - 1 + 10*s. What is j(w)?
8
Suppose 2*g = w + 12, 3*w - 1 = -g - 9. Let u(a) = 1 - a + 0 - g. Let o be (-93)/24 + (-3)/24. Give u(o).
1
Let i(v) = v + 4 + 3*v - 5*v. Let n be (1 - 25/10)/(1/(-2)). Determine i(n).
1
Let f(i) = i**3 - 4*i**2 + 4*i - 4. Let j = 7 - 12. Let h = j + 9. Suppose -3*l = -h*l + 3. Give f(l).
-1
Suppose 4*c - 18 = -k + c, -3*k = -c - 4. Suppose 5*l = -15, -k*l - 11 = 2*v - 3*v. Let q(s) = 2*s**2 - s - 1. What is q(v)?
5
Let q(c) = -2*c**2 + c. Let o(v) = -v + 4 - v - v + 4*v. Suppose 5*k = x + 27 - 10, 0 = -4*k + 12. Let n be o(x). Calculate q(n).
-6
Let j(h) = -h**3 + 6*h**2 - 4*h - 5. Let u(v) = 5*v**2 + v - 1. Let r(k) = -k - 1. Let w be r(-2). Let p be u(w). Let f be 2/2*p*1. Determine j(f).
0
Let l be ((5 - 2) + -1)*-2. Let x = 6 + l. Let f(u) = 23*u - 15. Let h(z) = -11*z + 7. Let k(s) = 4*f(s) + 9*h(s). What is k(x)?
-11
Let y(s) = -s**2 - 8*s - 15. Let g be y(-5). Let l(a) be the second derivative of -a**5/20 - 2*a**2 + 4*a. Calculate l(g).
-4
Let f(n) = 1 + n**3 + 2*n**2 + 4*n - 3*n - 4*n. Suppose 125 = -5*b - 0*b. Let o = b - -22. Calculate f(o).
1
Let t(p) = p**2 - 7*p - 4. Let v be 2 + -6 + 77/7. Calculate t(v).
-4
Let h(n) = 4*n**2 - 1 - n**2 - n**2 - n. Let m = -14 + 15. Let f = -2 + m. Calculate h(f).
2
Let m = 20 + -28. Let w be 12/16 + (-2)/m. Let r(u) = u**2 - u. Let t(i) = -i**2 - i + 1. Let j(v) = w*t(v) + 2*r(v). Give j(5).
11
Let g(t) = t**2 - 2*t**2 + 0*t**2 + 4*t + 1 + 3. Give g(4).
4
Let h = -15 + 11. Let r(p) = p**2 + 5*p - 2. Calculate r(h).
-6
Let b be 24/8 - (0 + -1). Let t(a) = -2*a**2 + 5*a + 2. Give t(b).
-10
Let n(s) = s. Let f be n(5). Let y(w) = -w - 4. Let b be y(-5). Let r(l) = -5*l**2 - l**3 + 2*l**3 + 5 - 4*l + b + 2*l. Calculate r(f).
-4
Suppose -y = q - 3*y + 14, y = -4*q - 11. Let s = q - -6. Let k(x) = -x**3 + 2*x**3 - x**2 - s*x**3 + 7. What is k(0)?
7
Let z(p) = p**2 + 4*p. Let x = 3 - 9. Let k = 10 + x. Suppose k*o + 3 = 3*o. Give z(o).
-3
Suppose 2*z - 4*z - 8 = 0. Let t(d) be the first derivative of -7*d**2/2 + 2*d - 1. Let y(p) = -6*p + 2. Let k(x) = 5*t(x) - 6*y(x). Calculate k(z).
-6
Let q(n) = 6*n**2 + 0*n**3 - 10*n + 3*n**3 - 2*n**3 - 9. What is q(-7)?
12
Let a = 4 - 6. Let i(r) = -3*r - 3. Let b(t) = -3*t - 3. Let h(u) = -2*b(u) + 3*i(u). Determine h(a).
3
Let l(a) = -3*a - 4. Let o(n) = n**2 + 14*n + 20. Let b be o(-12). What is l(b)?
8
Let s(v) = -2*v + 1. Let p = -1 - -4. Calculate s(p).
-5
Let x(d) = d**3 - 5*d**2 + 2*d - 4. Suppose 2*h + 3*h = 10. Suppose 2*l + h*v - 46 = -2*v, l - 21 = -4*v. Suppose -2*k + l = 3*k. Give x(k).
6
Let t(s) = 3*s - 6 - 4 + 3*s**2 - 4*s**2 - 10*s. Give t(-7).
-10
Let n(y) = y**3 - 3*y**2 - 4*y - 1. Let d(a) = -a**3 - 7*a**2 - 7*a - 2. Let l be d(-6). What is n(l)?
-1
Let v = 24 - -58. Suppose -4*y = 6 + v. Let k be 6/(-8) + y/(-8). Let t(r) = -r. Determine t(k).
-2
Let w(a) = -a + 1. Let n(d) = d - 4. Let v be 3 - (2/1)/(-2). Let t be n(v). What is w(t)?
1
Let u(g) be the first derivative of g**2 - 3*g + 11. Give u(6).
9
Suppose 0 = -4*z + 3*z - 2*y + 4, -3*y = 5*z - 13. Let v(l) be the third derivative of l**z + 1/24*l**4 + 0*l - 1/6*l**3 + 0. Determine v(-5).
-6
Let o(u) = u - 2. Let r be o(10). Let y(i) = r + 4*i - 5*i + 3 + 2*i. What is y(0)?
11
Let p = 14 - 12. Let z(b) = b**2 + b. Determine z(p).
6
Suppose -5*l = -5*x, 3*l - 3*x - 8 = -2*x. Suppose -l = 2*c - 0*c. Let u(h) = 4*h. Let v(g) = -g**2 - 12*g - 1. Let r(d) = 8*u(d) + 3*v(d). What is r(c)?
-7
Suppose 4*k = 15 + 1. Let j(z) be the second derivative of -z**4/12 + z**3/3 - z**2 + 81*z. What is j(k)?
-10
Let p(g) = 2*g**2 - 